0 = 3*w - w. What is the units digit of -2 - (-3 - (w - -2))?
3
Suppose 0 + 6 = 2*m. Let q(f) = 4*f**2 - 2*f - 1 - f**3 + 0 + m. What is the units digit of q(3)?
5
What is the units digit of (-9)/((-12)/176*2)?
6
Let a be 5 + 1/((-3)/9). Suppose -5*b + 9 = 3*z - 46, -a*z + 38 = 4*b. What is the units digit of z?
5
Suppose -3*a - 12 = 6. Let z be 1*(0 - (-2 - -3)). What is the units digit of a*z/2 + 2?
5
Let n = 12 - -54. What is the tens digit of n?
6
Suppose 4 - 3 = v. Let w = 1 + v. Suppose -5*k = -w*u - u + 52, 4*k - 48 = -4*u. What is the tens digit of u?
1
Suppose 35 = 4*a - 9. Let z = a + -7. What is the units digit of z?
4
Let k = 0 - -2. Suppose 4*z - 7 + 3 = 0. Suppose z = k*c - 3. What is the units digit of c?
2
Let f = -137 + 90. Let r = f + 67. Suppose -4*d - d - 5*q = r, 2*q = 2*d - 12. What is the units digit of d?
1
Let h = 3 + -6. What is the units digit of h/(1 - 2) + 6?
9
Let v(m) = m**3 - m**2 + m + 12. Let l be v(0). Suppose -4*r + 74 = 3*j, 4 - l = -j + 2*r. Suppose 2*b = 5*b - j. What is the units digit of b?
6
Suppose 6*t + 6 = 3*t. Let d be 1 - -1 - (-2 - t). Let y = 11 - d. What is the units digit of y?
9
What is the units digit of (62/(-4))/((-1)/2)?
1
Suppose -5*u - 3*z - 1 = -23, -5*u + 5*z = 10. Let c(t) = -t**u - 11 + 11*t + 5*t**2 - 5*t**2 + 0*t**2. What is the units digit of c(8)?
3
Let z(c) = -2*c - 7. Let w be z(-5). What is the units digit of 22/w - 2/(-3)?
8
Suppose m - 12 = 2*m. Let k be ((-1)/(-3))/((-1)/m). Suppose k*q - 14 = 2*q. What is the units digit of q?
7
Let s(l) = 4*l**3 + 3*l + 2*l + 2*l - 1 - 6*l. What is the units digit of s(1)?
4
Suppose -5*x = 4*t - 8, 3*x + 4*t = 5*t - 2. Suppose x = -2*o + o. Suppose -4*k + l + 14 - 5 = o, 0 = k - l - 6. What is the units digit of k?
1
Let i(k) = k**3 - 4*k**2 - 9*k + 11. Let m be i(5). Let f(r) = r + 30. What is the units digit of f(m)?
1
Suppose 2*n + 0*n = 5*m + 31, 35 = 5*n - 4*m. Let z(a) = -2 + 4*a**n + 3 - 3*a**3. What is the units digit of z(2)?
9
Suppose -6*v = -v + 15. Let u(h) = -h + 4 + 2 - 3. What is the units digit of u(v)?
6
Let z(g) = -15*g**3 + 3*g**2 + 14*g - 3. Let k(n) = -7*n**3 + n**2 + 7*n - 2. Let p(y) = -13*k(y) + 6*z(y). What is the units digit of p(-6)?
4
Let h = 4 - 5. Let s be (1/(-3))/(h/12). Suppose 2 = -v - t + 4, v + s*t = -7. What is the units digit of v?
5
Suppose 341 = -3*i - 5*y - 172, y - 531 = 3*i. What is the tens digit of (0 + -1)*i/11?
1
Suppose 0 = -2*x + x. Suppose 3 = 4*d - 21. Suppose f - 20 + d = x. What is the units digit of f?
4
Let g be ((-9)/3 - -3)/1. What is the units digit of 8*(g + 1 + 1)?
6
Suppose -4*f + 37 + 19 = 4*n, -4*n = -5*f + 34. Let r(s) = s**2 - 7*s + 8. Let i be r(6). Suppose 0 = 3*k - i*k - f. What is the tens digit of k?
1
Let i = -489 + 739. What is the tens digit of i?
5
Let k(i) = -i + 11. Let z be k(5). Suppose -z = -g - 2*g. Suppose 0 = q - 5, 3*m - q = -g*q + 17. What is the units digit of m?
4
Let y(p) = p**3 - 3*p**2 + 4*p - 2. Let i be y(2). Suppose 0*f + 3*o = -f + 19, -22 = -2*f - i*o. What is the units digit of f?
7
What is the units digit of (-4 - -15 - -4) + -4?
1
Let z(l) = -l**3 + 6*l**2 - 5*l + 4. Let o be (5 - 1) + 4 + -3. Suppose j - v - 10 = -j, o*j - 4*v = 25. What is the units digit of z(j)?
4
Let s = 0 + 5. Suppose 2*p - 3 = -5*a + 5, s*p - 4*a = 53. What is the units digit of p?
9
Suppose -1110 = 17*u - 23*u. What is the hundreds digit of u?
1
Suppose -n + 0*o - 4*o - 14 = 0, 0 = -3*n - 5*o - 14. Suppose 2*c - 28 = -4*k, 3*k - n*k - 2*c = -3. Let t = 9 - k. What is the units digit of t?
4
What is the units digit of (-1)/(-1)*-3 + 4?
1
Let l be (8/5)/((-2)/(-30)). Let r be -33*(6/3)/6. Let m = l + r. What is the tens digit of m?
1
Let q(w) = -2*w**2 - 4*w + 9. Let m be q(-7). Let s = 7 + -3. What is the units digit of s/14 + m/(-7)?
9
Let z(l) = -l + 5. Let w be z(7). Let t be -6*-1*w/(-6). Suppose -3*b + 5 = -f, 0 = -t*f - 5*b + 65 - 20. What is the tens digit of f?
1
Let j(r) = -r**3 - 3*r**2 + 3*r - 3. Let q be j(-3). Let f be 80/q*6/(-5). Suppose -2*a + f = -2. What is the units digit of a?
5
Let q be (-9)/2 + (-3)/6. Let s(n) = -3*n**3 + 2*n**3 + 7 - 4*n**2 + 9*n - 3*n. What is the units digit of s(q)?
2
Let f = -4 + 9. Suppose 8 = f*m + v, -2*m = -0*m - 2*v + 4. Let z = m - -2. What is the units digit of z?
3
Suppose 4*k = 0, 2*k + 100 = -5*i + 6*k. Let a = -3 - i. What is the tens digit of a?
1
Let j = 72 + 82. What is the units digit of j?
4
Suppose 7*v - 1099 = 84. What is the units digit of v?
9
Let u(r) = 8*r + 5. Let z(o) = o**3 + 3*o**2 - 2*o - 3. Let c be z(-3). What is the tens digit of u(c)?
2
Suppose -f - 36 = 2*f. Let v = -10 - f. What is the units digit of v?
2
Let u = -20 + 60. Suppose 5*j - 80 - u = 2*h, 24 = j - 3*h. What is the tens digit of j?
2
Let p be (-3)/(-9) - (-8)/3. Suppose 0 = 5*q + p*d - 69, 3*d + 0*d = 3*q - 51. Suppose 3*f - q = -2*f. What is the units digit of f?
3
Let l(r) = r**2 + 7*r - 3. Let a be l(-7). What is the tens digit of 1*((-30)/a + 2)?
1
What is the tens digit of (30/8)/(7/56)?
3
Suppose 9*g + 80 = 11*g. What is the tens digit of g?
4
Let l(w) = w**3 - w - 2. Let g be l(2). Suppose -g*m + 9*m = 15. What is the units digit of m?
3
Suppose -7*i = -6*i - 26. What is the units digit of i?
6
Let d be (-209)/9 - 4/(-18). Let h(v) = -v**2 - 13*v + 1. Let c be h(-7). Let b = c + d. What is the tens digit of b?
2
Let b be ((-92)/(-6))/((-1)/(-3)). Let l = b - 32. What is the tens digit of l?
1
Let k = -21 - -12. Let d(r) = r**3 + 8*r**2 - 8*r + 11. What is the units digit of d(k)?
2
Suppose 4*j + j = -i, -18 = 3*j - 3*i. What is the units digit of 0/(2 + j) + 15?
5
Suppose 42 = 2*s + i + 4*i, 0 = 3*s + i - 50. Suppose 4*y - 5*r - s = 2*y, 5*y - 11 = -2*r. Suppose y = -3*x + 39. What is the tens digit of x?
1
Suppose -19 = -3*f - 2*f + z, z = f - 7. Suppose 2*y - t = -f*t + 10, -9 = -3*y - 5*t. What is the units digit of -2 + y - (-1 + 3)?
4
Let q = 3 - 9. Let m = q - 15. Let d = 37 + m. What is the tens digit of d?
1
Let g = 2 + -3. What is the units digit of -3*(g + -1) + -2?
4
Let v(s) = -2*s - 1. Let z(a) = -a**2 - 5*a - 6. Let k(p) = -p**3 + 5*p**2 + 4*p + 7. Let w be k(6). Let g be z(w). What is the units digit of v(g)?
1
Let z(y) = -10*y**2 - 21*y - 17. Let w(s) = -5*s**2 - 10*s - 8. Let o(d) = -9*w(d) + 4*z(d). What is the units digit of o(-4)?
0
Let i be 20/(-6)*36/(-10). Suppose 3*c + i = 5*c. Let q(z) = z**2 - 5*z - 4. What is the units digit of q(c)?
2
Let u = 1 + -1. Suppose 5*p - 25 - 125 = u. Suppose 3*i - i = p. What is the units digit of i?
5
Suppose 2*o + 3*o = 4*g - 570, -710 = -5*g + 5*o. What is the tens digit of g?
4
Suppose -5*t = -3*k + 42 - 14, -2*k + t + 7 = 0. Suppose 3*a = 0, 5*m + a = -3*a - 20. Let b = k - m. What is the units digit of b?
5
Let a be (-12)/30 - (-4)/10. Suppose -3*h + a*h + 18 = 0. Suppose -4*c - h = -7*c. What is the units digit of c?
2
Let r(g) = 6*g + 5. Let p(t) = -6*t - 6. Let s(i) = -6*p(i) - 7*r(i). What is the tens digit of s(-2)?
1
Let p be -1*1*(-12 - 1). Suppose 2*h + h - 57 = 3*g, -5*h + g = -103. Let w = h - p. What is the units digit of w?
8
Suppose g - 1 - 5 = 0. Let d be 3/g - (-126)/4. Suppose -4*y + d = -4. What is the units digit of y?
9
Let s = -2 - -25. What is the tens digit of s?
2
Suppose -4*z = -2*l - l + 23, -2*z = 3*l - 11. Let v be ((-8)/(-6))/(1/3). Suppose l*u - v = 4*u. What is the units digit of u?
4
Suppose 6 + 3 = 3*d. Let t be ((-5)/d)/(2/(-6)). Suppose t - 1 = 2*g. What is the units digit of g?
2
Suppose 5*k - 9 = -2*h - 2, -5*k + 3*h = -27. Let n(b) = b - 4. Let w be n(6). Suppose -k*f - 4*g + 0 = -1, -9 = -w*f - g. What is the units digit of f?
7
Suppose 2*f - 4*y + 2 = 0, -6 + 17 = f + 4*y. Suppose 0 = 3*m, -28 = f*i - 5*m - 103. What is the tens digit of i?
2
Let p(k) = -k**2 + 6*k - 7. Let n be p(5). Let y = -14 + 8. Let v = n - y. What is the units digit of v?
4
Let y be 52/16 + (-2)/8. Suppose 1 = 2*i - 3*k, y*i - 50 = -5*k - 1. What is the units digit of i?
8
Suppose 6*j - 2*j = 56. Let h = j + -22. What is the units digit of 12/h*-1*6?
9
Suppose 0*y - 2*y + 6 = 0. Suppose -y*n - 4*t = 1 + 3, -4 = -2*n - t. Suppose 0 = -n*b - i + 43, 2*b + 0*b - 3*i = 11. What is the tens digit of b?
1
Suppose 4*n + 1 = 45. Let o = 34 + n. What is th